{"id":265,"date":"2022-08-10T11:52:38","date_gmt":"2022-08-10T11:52:38","guid":{"rendered":"https:\/\/waldkliniken-gransee.2train.de\/?page_id=265"},"modified":"2023-11-09T10:31:27","modified_gmt":"2023-11-09T10:31:27","slug":"fremdfinanzierung","status":"publish","type":"page","link":"https:\/\/waldkliniken-auensee.2train.de\/?page_id=265","title":{"rendered":"Fremdfinanzierung"},"content":{"rendered":"\n<p>Die Fremdfinanzierung beschreibt eine Form der&nbsp;Unternehmensfinanzierung&nbsp;durch die Beschaffung von Fremdkapital. Dabei wird dem Unternehmen Geld durch einen externen, also \u201efremden\u201c Kapitalgeber \u00fcberlassen.<\/p>\n\n\n\n<figure class=\"wp-block-image size-large\"><a href=\"https:\/\/waldkliniken-auensee.2train.de\/wp-content\/uploads\/2022\/08\/csm_abc-finanzierungsgrafik-fremdfinanzierung_254d4b4975.jpg\" target=\"_blank\" rel=\"noreferrer noopener\"><img loading=\"lazy\" decoding=\"async\" width=\"1024\" height=\"576\" src=\"https:\/\/waldkliniken-gransee.2train.de\/wp-content\/uploads\/2022\/08\/csm_abc-finanzierungsgrafik-fremdfinanzierung_254d4b4975-1024x576.jpg\" alt=\"\" class=\"wp-image-266\" title=\"fremdfinanzierung \" srcset=\"https:\/\/waldkliniken-auensee.2train.de\/wp-content\/uploads\/2022\/08\/csm_abc-finanzierungsgrafik-fremdfinanzierung_254d4b4975-1024x576.jpg 1024w, https:\/\/waldkliniken-auensee.2train.de\/wp-content\/uploads\/2022\/08\/csm_abc-finanzierungsgrafik-fremdfinanzierung_254d4b4975-300x169.jpg 300w, https:\/\/waldkliniken-auensee.2train.de\/wp-content\/uploads\/2022\/08\/csm_abc-finanzierungsgrafik-fremdfinanzierung_254d4b4975-768x432.jpg 768w, https:\/\/waldkliniken-auensee.2train.de\/wp-content\/uploads\/2022\/08\/csm_abc-finanzierungsgrafik-fremdfinanzierung_254d4b4975-500x281.jpg 500w, https:\/\/waldkliniken-auensee.2train.de\/wp-content\/uploads\/2022\/08\/csm_abc-finanzierungsgrafik-fremdfinanzierung_254d4b4975.jpg 1240w\" sizes=\"auto, (max-width: 1024px) 100vw, 1024px\" \/><\/a><figcaption class=\"wp-element-caption\">zum Vergr\u00f6\u00dfern klicken<\/figcaption><\/figure>\n\n\n\n<h2 class=\"wp-block-heading\">Fremdfinanzierung Definition: Was steckt dahinter?<\/h2>\n\n\n\n<p>M\u00fcssen Unternehmen Investitionen vornehmen oder einen Liquidit\u00e4tsbedarf decken, kommt h\u00e4ufig die Fremdfinanzierung, auch Kreditfinanzierung, ins Spiel. Sie ist das Gegenst\u00fcck zur sogenannten\u00a0<a href=\"https:\/\/waldkliniken-auensee.2train.de\/?page_id=262\" data-type=\"page\" data-id=\"262\" target=\"_blank\" rel=\"noreferrer noopener\">Eigenfinanzierung<\/a>, zu der beispielsweise die\u00a0<a href=\"https:\/\/waldkliniken-auensee.2train.de\/?page_id=280\" data-type=\"page\" data-id=\"280\" target=\"_blank\" rel=\"noreferrer noopener\">Selbstfinanzierung\u00a0<\/a>aus einbehaltenen Gewinnen geh\u00f6rt. W\u00e4hrend bei dieser das Eigenkapital des Unternehmens erh\u00f6ht wird, ist es bei der Fremdfinanzierung das Fremdkapital. Auch get\u00e4tigte R\u00fcckstellungen k\u00f6nnen zur Fremdfinanzierung z\u00e4hlen.<br>\u00a0<\/p>\n\n\n\n<h3 class=\"wp-block-heading\">Merkmale der Fremdfinanzierung:<\/h3>\n\n\n\n<ul class=\"wp-block-list\">\n<li>Der Nominalbetrag der Finanzierung sowie Zinsen m\u00fcssen zur\u00fcckgezahlt werden.<\/li>\n\n\n\n<li>Die R\u00fcckzahlung erfolgt zu einem festgelegten Zeitpunkt, die Fremdfinanzierung ist somit befristet.<\/li>\n\n\n\n<li>Der Gl\u00e4ubiger, also der Kapitalgeber des Fremdkapitals, wird nicht Eigent\u00fcmer oder Anteilseigner und \u00fcbernimmt keine Haftung.<\/li>\n\n\n\n<li>In der Regel verlangen Gl\u00e4ubiger entsprechende Sicherheiten f\u00fcr ihre Kapitalbereitstellung.<br>&nbsp;<\/li>\n<\/ul>\n\n\n\n<h2 class=\"wp-block-heading\">Arten der Fremdfinanzierung: Diese M\u00f6glichkeiten gibt es<\/h2>\n\n\n\n<p>Unternehmen k\u00f6nnen auf verschiedene Arten der Fremdfinanzierung zur\u00fcckgreifen. Wichtig ist dabei die Unterscheidung, ob es sich um eine Fremdfinanzierung handelt, die der\u00a0<a href=\"https:\/\/waldkliniken-auensee.2train.de\/?page_id=277\" data-type=\"page\" data-id=\"277\" target=\"_blank\" rel=\"noreferrer noopener\">Innenfinanzierung\u00a0<\/a>oder der\u00a0<a href=\"https:\/\/waldkliniken-auensee.2train.de\/?page_id=274\" data-type=\"page\" data-id=\"274\" target=\"_blank\" rel=\"noreferrer noopener\">Au\u00dfenfinanzierung\u00a0<\/a>angeh\u00f6rt. Zur innenfinanzierten Fremdfinanzierung, bei der finanzielle Mittel aus dem Unternehmen genutzt werden, geh\u00f6rt beispielsweise die Nutzung von R\u00fcckstellungen (z.B. langfristige Pensionsr\u00fcckstellungen). Das klassische Beispiel der au\u00dfenfinanzierten Fremdfinanzierung sind Bankkredite oder Darlehen, da das Kapital hier von externen Quellen kommt.<\/p>\n\n\n\n<p>Zudem lassen sich die kurzfristige sowie die mittel- und langfristige Fremdfinanzierung unterscheiden.<\/p>\n\n\n\n<h3 class=\"wp-block-heading\"><br>Kurzfristige Fremdfinanzierung:<\/h3>\n\n\n\n<p>Beschreibt in der Regel eine Kapitalbeschaffung mit einer Laufzeit von maximal einem Jahr. Klassische Beispiele sind Lieferantenkredite oder \u00dcberziehungskredite.<\/p>\n\n\n\n<h3 class=\"wp-block-heading\"><br>Mittel- und langfristige Fremdfinanzierung:<\/h3>\n\n\n\n<p>Mittelfristige Fremdfinanzierungen haben in der Regel eine Laufzeit von maximal f\u00fcnf Jahren, langfristige Fremdfinanzierung entsprechend l\u00e4nger. Dazu geh\u00f6ren beispielsweise Anleihen, Bankkredite, Schuldscheindarlehen f\u00fcr gro\u00dfe Konzerne.<\/p>\n\n\n\n<figure class=\"wp-block-table\"><table><tbody><tr><td>&nbsp;<\/td><td><strong>Fremdfinanzierung<\/strong><\/td><\/tr><tr><td><strong>Innenfinanzierung<\/strong><\/td><td>Finanzierung aus R\u00fcckstellungen&nbsp;<\/td><\/tr><tr><td><strong>Au\u00dfenfinanzierung<\/strong><\/td><td>Kurzfristige KreditfinanzierungMittel-\/langfristige Kreditfinanzierung<\/td><\/tr><\/tbody><\/table><\/figure>\n\n\n\n<h2 class=\"wp-block-heading\"><br>Wie unterscheiden sich Fremdfinanzierung und Eigenfinanzierung?<\/h2>\n\n\n\n<p>Neben der Unterscheidung, ob es sich bei dem \u201efrischen Kapital\u201c um Eigen- oder Fremdkapital handelt, ist insbesondere die Rolle des Kapitalgebers ein gro\u00dfer Unterschied. Bei der Eigenfinanzierung stellt der Kapitalgeber das Geld unbefristet zur Verf\u00fcgung, es wird vom Unternehmen also nicht direkt zur\u00fcckgezahlt. Stattdessen erh\u00e4lt der Geldgeber eine Gewinnbeteiligung bzw. Anteile am Unternehmen. Dadurch kann er die Unternehmensstrategie mitbestimmen und mitgestalten.<\/p>\n\n\n\n<p>Bei der Fremdfinanzierung agiert der externe Kapitalgeber als Gl\u00e4ubiger. Er erh\u00e4lt kein Mitspracherecht und keine Gewinnbeteiligung, stattdessen erh\u00e4lt er sein zur Verf\u00fcgung gestelltes Kapital zu einem festgelegten Zeitpunkt inklusive Zinsen zur\u00fcckgezahlt.<\/p>\n\n\n\n<h2 class=\"wp-block-heading\">Was sind Vor- und Nachteile der Fremdfinanzierung?<\/h2>\n\n\n\n<h3 class=\"wp-block-heading\">Vorteile der Fremdfinanzierung:<\/h3>\n\n\n\n<ul class=\"wp-block-list\">\n<li><strong>Steuererleichterung:<\/strong>&nbsp;Die Zinszahlungen der Fremdkapitalbereitstellung gelten als abzugsf\u00e4hige Betriebsausgaben und mindern somit den steuerlichen Gewinn.&nbsp;<\/li>\n\n\n\n<li><strong>Selbstbestimmtheit:<\/strong>&nbsp;Die Gl\u00e4ubiger der Fremdfinanzierung erhalten keinerlei Mitspracherecht am Unternehmen, sondern dienen nur als externe Geldgeber.&nbsp;<\/li>\n\n\n\n<li><strong>Leverage-Effekt:<\/strong>&nbsp;Der Leverage-Effekt besagt, dass der Einsatz von Fremdkapital eine Verbesserung der Eigenkapitalrentabilit\u00e4t bewirkt.<\/li>\n\n\n\n<li><strong>Keine Gewinnbeteiligung:<\/strong>&nbsp;Bei der Fremdfinanzierung wird die Verzinsung der R\u00fcckzahlung im Vorfeld festgelegt. Es entsteht keine Gewinnbeteiligung, die im Fall von florierenden Gesch\u00e4ften dem Unternehmen teurer zu stehen kommen k\u00f6nnte.<\/li>\n<\/ul>\n\n\n\n<h3 class=\"wp-block-heading\"><br>Nachteile der Fremdfinanzierung:<\/h3>\n\n\n\n<ul class=\"wp-block-list\">\n<li><strong>Unternehmensrisiko:<\/strong>&nbsp;Die festgelegten Zinsen und Tilgungen k\u00f6nnen f\u00fcr das Unternehmen auch ein Risiko darstellen, n\u00e4mlich dann, wenn diese in schlechten Zeiten nicht mehr gedeckt werden k\u00f6nnen und das Unternehmen zahlungsunf\u00e4hig wird.<\/li>\n\n\n\n<li><strong>\u00dcberschuldung:<\/strong>&nbsp;Ein gro\u00dfer Anteil an Fremdfinanzierung verst\u00e4rkt die Gefahr der \u00dcberschuldung eines Unternehmens.<\/li>\n\n\n\n<li><strong>Konditionen:<\/strong>&nbsp;Die H\u00f6he der Zinszahlungen und der Laufzeit der Finanzierung wird im Vorfeld festgelegt und ist nur bedingt flexibel.<\/li>\n<\/ul>\n\n\n\n<h2 class=\"wp-block-heading\"><br>Fazit: Fremdfinanzierung als Finanzierung mit gro\u00dfer Entscheidungsfreiheit<\/h2>\n\n\n\n<p>Jede Finanzierungsart hat ihre Vorteile und Nachteile. Grunds\u00e4tzlich muss jedes Unternehmen das richtige Ma\u00df an Fremdfinanzierung und Eigenfinanzierung f\u00fcr sich finden. Die Fremdfinanzierung bietet jedoch durch ihre verschiedenen kurz-, mittel- und langfristigen M\u00f6glichkeiten f\u00fcr jedes Unternehmen mit den passenden Voraussetzungen eine geeignete Option.<\/p>\n","protected":false},"excerpt":{"rendered":"<p>Die Fremdfinanzierung beschreibt eine Form der&nbsp;Unternehmensfinanzierung&nbsp;durch die Beschaffung von Fremdkapital. Dabei wird dem Unternehmen Geld durch einen externen, also \u201efremden\u201c Kapitalgeber \u00fcberlassen. Fremdfinanzierung Definition: Was steckt dahinter? M\u00fcssen Unternehmen Investitionen vornehmen oder einen Liquidit\u00e4tsbedarf decken, kommt h\u00e4ufig die Fremdfinanzierung, auch &hellip; <a href=\"https:\/\/waldkliniken-auensee.2train.de\/?page_id=265\">Weiterlesen <span class=\"meta-nav\">&rarr;<\/span><\/a><\/p>\n","protected":false},"author":2,"featured_media":0,"parent":270,"menu_order":0,"comment_status":"closed","ping_status":"closed","template":"","meta":{"footnotes":""},"class_list":["post-265","page","type-page","status-publish","hentry"],"_links":{"self":[{"href":"https:\/\/waldkliniken-auensee.2train.de\/index.php?rest_route=\/wp\/v2\/pages\/265","targetHints":{"allow":["GET"]}}],"collection":[{"href":"https:\/\/waldkliniken-auensee.2train.de\/index.php?rest_route=\/wp\/v2\/pages"}],"about":[{"href":"https:\/\/waldkliniken-auensee.2train.de\/index.php?rest_route=\/wp\/v2\/types\/page"}],"author":[{"embeddable":true,"href":"https:\/\/waldkliniken-auensee.2train.de\/index.php?rest_route=\/wp\/v2\/users\/2"}],"replies":[{"embeddable":true,"href":"https:\/\/waldkliniken-auensee.2train.de\/index.php?rest_route=%2Fwp%2Fv2%2Fcomments&post=265"}],"version-history":[{"count":5,"href":"https:\/\/waldkliniken-auensee.2train.de\/index.php?rest_route=\/wp\/v2\/pages\/265\/revisions"}],"predecessor-version":[{"id":390,"href":"https:\/\/waldkliniken-auensee.2train.de\/index.php?rest_route=\/wp\/v2\/pages\/265\/revisions\/390"}],"up":[{"embeddable":true,"href":"https:\/\/waldkliniken-auensee.2train.de\/index.php?rest_route=\/wp\/v2\/pages\/270"}],"wp:attachment":[{"href":"https:\/\/waldkliniken-auensee.2train.de\/index.php?rest_route=%2Fwp%2Fv2%2Fmedia&parent=265"}],"curies":[{"name":"wp","href":"https:\/\/api.w.org\/{rel}","templated":true}]}}